v = 4 - r. What is the units digit of v?
4
Let l(n) = 2*n + 10. Let b be l(-3). Let w = 20 + -12. What is the units digit of b/16 - (-470)/w?
9
Let d = 71 - 58. What is the tens digit of d?
1
Let o be (-10 + 0)/((-6)/12). Suppose n + 6*x - 2*x - 57 = 0, 0 = -4*x - o. What is the tens digit of n?
7
What is the thousands digit of (-18264)/(-60)*60/8?
2
Suppose -2168 = -2*n + 2*h, 6*h - 2*h = 2*n - 2164. Let t = n - 759. What is the hundreds digit of t?
3
Let b(k) = 3*k - 24. Let x be b(8). Suppose -3*i + 4*i - 5 = x. Suppose -2*m = 2*m + 5*w - 35, 3*m = -i*w + 20. What is the units digit of m?
5
Let y(w) = 2*w + 6. Let g = 3 - -5. Let d be y(g). Suppose 5*t - d = 4*t. What is the units digit of t?
2
Let x = 13 + -1. What is the tens digit of 1/(-3) - (-424)/x?
3
Let m(v) = v**3 - 18*v**2 + 17*v + 2. Let r be m(17). What is the tens digit of (54/(-15))/(r/(-55))?
9
Let f(s) = -s**3 - 5*s**2 + 8*s. Let c be f(-7). Let r be ((-32)/10)/(14/(-105)). Let d = c - r. What is the tens digit of d?
1
Suppose -j = -5, -2*x + 5*j - 885 = 3*x. Let y = 482 + x. What is the tens digit of y?
1
Suppose 85*p = 55*p + 91020. What is the tens digit of p?
3
Suppose 4*m = 13*m + 927. Let v = m - -132. What is the units digit of v?
9
Let j(y) = y - 48. Let s be j(-12). Let z = -19 + 4. Let h = z - s. What is the tens digit of h?
4
Suppose f = 3*g + 2*g + 673, g + 2*f = -128. Let s be -4 + g/(-2) + -3. Suppose s = 2*c - 2*k - 0*k, 5*c = k + 142. What is the units digit of c?
8
Suppose -v = -5*z + 2*v + 2579, 5*z + 3*v - 2591 = 0. What is the hundreds digit of z?
5
Suppose -13*x + 9504 = -5*x. What is the thousands digit of x?
1
Let h(m) = 134*m + 13. What is the units digit of h(1)?
7
What is the hundreds digit of (-4 - ((2 - 3) + -4)) + 1197?
1
Let o = 324 + -131. Suppose 3*p = -73 + o. What is the units digit of p?
0
Let p(h) = -h**3 - 5*h**2 + 9*h + 7. Suppose -4*u + 28 + 28 = 0. Let f be u*(3 + -5)/4. What is the units digit of p(f)?
2
Let o = -16 - -66. Let i = o - -182. Suppose b + 0*b = 2*p + 54, -4*b = -4*p - i. What is the tens digit of b?
6
Suppose 45628 = 34*s - 32334. What is the tens digit of s?
9
Let r(z) = -91*z + 103. What is the hundreds digit of r(-8)?
8
Suppose 5*q - 3*b - 57 = 48, -2*q = 2*b - 42. What is the units digit of q?
1
Suppose 8526 + 3254 = 10*f. What is the tens digit of f?
7
Let v(o) = 276*o**2 + 7*o + 15. What is the hundreds digit of v(-2)?
1
Let u be (-2)/4*(0 + 0). Suppose u = 5*b - 10*b + 245. What is the units digit of b?
9
Let f(q) be the second derivative of q**4/4 + q**3/6 + q**2 - 2*q. Suppose 0 = -3*d + 11 - 2. What is the tens digit of f(d)?
3
Let r = 1 + 0. Suppose 3*n - 66 = -j, -r = 2*n + 1. Let p = j - 35. What is the tens digit of p?
3
Suppose 335 = 5*k - 3*y - 151, 198 = 2*k - 3*y. What is the tens digit of k?
9
Suppose -3*c - 2*c = -3*q - 17196, 4*q + 10322 = 3*c. What is the thousands digit of c?
3
What is the units digit of -2315*30/(-50) + -9?
0
Suppose -5*n + 4*t = 294, -2*t = -4*n - 124 - 110. Let q = 83 + n. What is the units digit of q?
5
Suppose 4*h = -2*j + 16, j = -3*j - 5*h + 20. Suppose j = p - 2 - 3, 5*z - 20 = -4*p. What is the units digit of 37 - (z/2 + -3)?
0
Suppose 67518 = 11*y + 22*y. What is the tens digit of y?
4
Let n(k) = -k**2 + 6*k - 6*k + 24 + 0*k**2. Let l be n(0). What is the units digit of (-5)/((-4)/(0 + l))?
0
What is the units digit of 36222/30 + 7 - 15/(-25)?
5
Let i(d) be the first derivative of 2*d**3/3 - 3*d**2 - 2*d + 3. What is the tens digit of i(-4)?
5
Suppose 101 = -3*x + 35. Let j = 22 + x. What is the tens digit of 13 + j/(2 - 4)?
1
What is the tens digit of 516 - (-22 + 8 + 7)?
2
Let l be -2 + 1 + ((-3)/1 - -7). What is the hundreds digit of (-1)/l - (-6057)/27?
2
Suppose -3 = 4*n - 15. Let u(h) = -h**2 + 11*h - h**2 + 1 - h**n - 3*h**2 + 8. What is the units digit of u(-7)?
0
Suppose -82 = 4*n - 246. Suppose -2*l = -2*d + 58, 2*d - d - n = 4*l. Suppose d + 23 = 4*r. What is the units digit of r?
2
Suppose 4*h = -3*c - 11, -5*c - 2*h - 3*h - 20 = 0. Let m = 1 + 0. What is the tens digit of (10 + m)/(c - -6)?
1
Let n(g) = -93*g + 1. What is the hundreds digit of n(-5)?
4
Suppose -x - 52 = x. What is the units digit of (-2 - 0)*91/x?
7
Let p(i) = i**2 - 3*i + 11. Suppose 7*m - 12 - 23 = 0. What is the tens digit of p(m)?
2
Let o = 16 - 11. Suppose -f = f + 4. What is the tens digit of -3 - 6/f*o?
1
Let a(m) = m**3 + 6*m**2 - 8*m - 4. Let i be a(-7). Suppose -i*p + 2*p + 3 = 0. Suppose -p*b - 118 - 7 = -4*q, 2*q - 3*b - 61 = 0. What is the units digit of q?
2
Let y be 17*2*(-4)/8. Let f = y + 31. What is the tens digit of ((-31)/(-1))/(14/f)?
3
Let r = 2029 + -1861. What is the hundreds digit of r?
1
Let c = -15 - -12. Let k be (1/c)/(3/(-27)). What is the tens digit of (3/(-6))/(k/(-150))?
2
Let v(q) = 56*q**2 + 24*q - 24. What is the hundreds digit of v(9)?
7
Let f = 2235 + -1116. What is the hundreds digit of f?
1
Suppose 10*w = 5*w + 140. Let o = w + 15. What is the units digit of o?
3
Let p(g) = g**2 + 4*g + 2. Let b(t) = -t**2 - 4*t + 10. Let m be b(-5). Let w be p(m). Suppose -w = -4*f + 5. What is the units digit of f?
3
Suppose 0 = k - 5*k + i + 444, k - 96 = 4*i. What is the hundreds digit of k?
1
Suppose 2*f = s - 0*s + 886, 4*f - s = 1770. What is the units digit of f?
2
What is the tens digit of 848916/324 - 20/18?
1
Let g = 30 - 26. Suppose -5*v - 3 = 3*l + g, -2*l + 2 = 0. Let r(c) = -27*c + 1. What is the tens digit of r(v)?
5
Let b(j) = -269*j - 757. What is the tens digit of b(-6)?
5
Suppose 2*s + 3*p + 9 = -3, 11 = -s + p. Let g(x) = x**2 + 5*x + 3. Let c be g(-3). What is the units digit of (24/s - c)*75?
5
Let u(d) = 4*d**2 - 21*d - 54. What is the units digit of u(-11)?
1
Suppose 11*m - 15374 = 8*m + 5*s, -m + s + 5126 = 0. What is the units digit of m?
8
Suppose 4*d - 2*t = t, 2*d + 18 = -3*t. Let v(c) = 2*c**2 - 33*c + 13. Let j(k) = -k**2 + 16*k - 7. Let o(p) = d*v(p) - 5*j(p). What is the tens digit of o(15)?
5
Let d = -1502 - -2603. What is the thousands digit of d?
1
Let j(h) = -3*h - 57. Let k be j(-21). What is the units digit of 86 + -3 + k + -3 - 1?
5
Suppose -156*k - 4869 = -2*n - 159*k, 0 = -2*n + 5*k + 4861. What is the thousands digit of n?
2
Let k(j) be the second derivative of 5*j + 0 + 1/3*j**3 + 5*j**2. What is the tens digit of k(8)?
2
Let w(l) = -l**3 - l**2 + 4*l - 1. Let c(s) = 2*s - 2. Let a be c(2). Let f be (1 + -3)*(a - 0). What is the tens digit of w(f)?
3
Suppose 2*o - 190 = -190. Suppose o = -4*f - 2*y + 448, -f - 4*y + 119 = -0*f. What is the units digit of f?
1
Let z(f) = -60*f + 260. What is the units digit of z(-45)?
0
What is the units digit of (-5 - (-529 + 5))*(-2 - -3)?
9
Let k(b) = 3*b - 1. Let q be k(1). Suppose -5*d + 0*i + 311 = 3*i, -q*d + 118 = -2*i. What is the units digit of d?
1
Let d(r) = 16*r**2 - 6*r - 2. Let u be d(5). Suppose -9*g + u = -5*g. What is the tens digit of g?
9
Let y = 14 - 10. Let b(t) = -2 - y*t + t + 3*t - t. What is the units digit of b(-4)?
2
Let c be (-4)/18 + (-122)/18. Let i(h) = 2*h**2 + 4*h - 17. What is the tens digit of i(c)?
5
Let f(s) be the third derivative of s**5/60 + 7*s**4/24 + 16*s**3/3 + 2*s**2 - 3*s. What is the units digit of f(-15)?
2
Suppose 11*g - 15 = 6*g. Suppose -434 = -g*h - 4*h. What is the units digit of h?
2
Let v(b) = -b + 17. Let y(f) = -f**3 + 4*f**2 + 2*f. Let w be y(3). Let n = 0 - w. What is the tens digit of v(n)?
3
Let i be (-2)/5 - 18/30. Let a be 2*i*(3 - 4). Suppose -7 = -3*c + a, -3*c + 77 = 2*u. What is the tens digit of u?
3
Let f(y) = -y**3 + 10*y**2 + 2*y - 13. Let d(b) = 11*b - 1. Suppose 0 = -3*w + 5*w - 2. Let g be d(w). What is the units digit of f(g)?
7
Suppose 0 = -j + 3, 5*j = -4*n + 209 + 1250. What is the tens digit of n?
6
Let b be (14/3)/(-2*(-6)/18). Suppose p - b*p = -654. What is the units digit of p?
9
Let x be 30/(-4)*14/(-21). Suppose -3*p + x*i + 96 = 0, -5*i + 8*i = 0. Let a = p + -21. What is the tens digit of a?
1
Let l = 75 + -117. Let t be (l/(-18))/((-1)/(-9)). Suppose 0*r = -r - 3*o, r = 4*o + t. What is the units digit of r?
9
Let n(p) = p**3 + 20*p**2 + 35*p + 364. What is the tens digit of n(-19)?
6
Suppose -2*u = -7*u + 15. Suppose 5*c + 60 = u*k - 0*c, -80 = -4*k - 4*c. What is the tens digit of k?
2
Suppose 0 = -